{"id":3725,"date":"2021-07-07T09:35:38","date_gmt":"2021-07-07T09:35:38","guid":{"rendered":"https:\/\/puig-packaging.com\/fondos-de-ahorro\/"},"modified":"2021-07-07T10:19:41","modified_gmt":"2021-07-07T10:19:41","slug":"fonds-depargne","status":"publish","type":"page","link":"https:\/\/puig-packaging.com\/fr\/fonds-depargne\/","title":{"rendered":"Fonds d&rsquo;\u00e9pargne"},"content":{"rendered":"<div id='av_section_1'  class='avia-section main_color avia-section-default avia-no-border-styling  avia-bg-style-scroll  avia-builder-el-0  el_before_av_one_half  avia-builder-el-first   container_wrap fullsize' style=' margin-top:0px; margin-bottom:-50px; '  ><div class='container' ><main  role=\"main\" itemprop=\"mainContentOfPage\"  class='template-page content  av-content-full alpha units'><div class='post-entry post-entry-type-page post-entry-3725'><div class='entry-content-wrapper clearfix'>\n<div class=\"flex_column av_one_full  flex_column_div av-zero-column-padding first  avia-builder-el-1  avia-builder-el-no-sibling  \" style='border-radius:0px; '><section class=\"av_textblock_section \"  itemscope=\"itemscope\" itemtype=\"https:\/\/schema.org\/CreativeWork\" ><div class='avia_textblock  av_inherit_color '  style='color:#828282; '  itemprop=\"text\" ><h1 style=\"text-align: center; font-weight: 500;\">FONDS D&rsquo;\u00c9PARGNE<\/h1>\n<\/div><\/section><\/div><\/div><\/div><\/main><!-- close content main element --><\/div><\/div><div id='after_section_1'  class='main_color av_default_container_wrap container_wrap fullsize' style=' '  ><div class='container' ><div class='template-page content  av-content-full alpha units'><div class='post-entry post-entry-type-page post-entry-3725'><div class='entry-content-wrapper clearfix'><div class=\"flex_column av_one_half  flex_column_div av-zero-column-padding first  avia-builder-el-3  el_after_av_section  el_before_av_one_half  avia-builder-el-first  \" style='border-radius:0px; '><div  class='avia-image-container  av-styling-    avia-builder-el-4  avia-builder-el-no-sibling  avia-align-center '  itemprop=\"image\" itemscope=\"itemscope\" itemtype=\"https:\/\/schema.org\/ImageObject\"  ><div class='avia-image-container-inner'><div class='avia-image-overlay-wrap'><img decoding=\"async\" class='wp-image-3703 avia-img-lazy-loading-not-3703 avia_image' src=\"https:\/\/puig-packaging.com\/wp-content\/uploads\/2021\/07\/Captura-de-pantalla-2021-07-07-a-les-11.29.17.png\" alt='' title='Captura de pantalla 2021-07-07 a les 11.29.17' height=\"629\" width=\"886\"  itemprop=\"thumbnailUrl\" srcset=\"https:\/\/puig-packaging.com\/wp-content\/uploads\/2021\/07\/Captura-de-pantalla-2021-07-07-a-les-11.29.17.png 886w, https:\/\/puig-packaging.com\/wp-content\/uploads\/2021\/07\/Captura-de-pantalla-2021-07-07-a-les-11.29.17-300x213.png 300w, https:\/\/puig-packaging.com\/wp-content\/uploads\/2021\/07\/Captura-de-pantalla-2021-07-07-a-les-11.29.17-768x545.png 768w, https:\/\/puig-packaging.com\/wp-content\/uploads\/2021\/07\/Captura-de-pantalla-2021-07-07-a-les-11.29.17-260x185.png 260w, https:\/\/puig-packaging.com\/wp-content\/uploads\/2021\/07\/Captura-de-pantalla-2021-07-07-a-les-11.29.17-705x501.png 705w, https:\/\/puig-packaging.com\/wp-content\/uploads\/2021\/07\/Captura-de-pantalla-2021-07-07-a-les-11.29.17-600x426.png 600w\" sizes=\"(max-width: 886px) 100vw, 886px\" \/><\/div><\/div><\/div><\/div><\/p>\n<div class=\"flex_column av_one_half  flex_column_div av-zero-column-padding   avia-builder-el-5  el_after_av_one_half  avia-builder-el-last  \" style='border-radius:0px; '><section class=\"av_textblock_section \"  itemscope=\"itemscope\" itemtype=\"https:\/\/schema.org\/CreativeWork\" ><div class='avia_textblock  '   itemprop=\"text\" ><p><strong>PLASTICAS PUIG PACKAGING, S.L.U.<\/strong> a r\u00e9alis\u00e9 un projet d&rsquo;\u00e9conomie et d&rsquo;efficacit\u00e9 \u00e9nerg\u00e9tique consistant \u00e0 optimiser la consommation d&rsquo;\u00e9nergie du syst\u00e8me de production en rempla\u00e7ant les \u00e9quipements d&rsquo;extrusion-soufflage \u00e0 technologie hydraulique par des \u00e9quipements enti\u00e8rement \u00e9lectriques qui pr\u00e9sentent une plus grande efficacit\u00e9 \u00e9nerg\u00e9tique, avec des \u00e9conomies potentielles d&rsquo;\u00e9nergie finale de 25 tep par an.<\/p>\n<p>Ce projet a re\u00e7u une aide cofinanc\u00e9e par le Fonds europ\u00e9en de d\u00e9veloppement r\u00e9gional (FEDER), coordonn\u00e9 par l&rsquo;IDAE et g\u00e9r\u00e9 par les Communaut\u00e9s autonomes, dans le cadre du Fonds national pour l&rsquo;efficacit\u00e9 \u00e9nerg\u00e9tique, dans le but de parvenir \u00e0 une \u00e9conomie plus propre et plus durable.<\/p>\n<\/div><\/section><\/div>\n","protected":false},"excerpt":{"rendered":"","protected":false},"author":1,"featured_media":0,"parent":0,"menu_order":0,"comment_status":"closed","ping_status":"closed","template":"","meta":{"footnotes":""},"class_list":["post-3725","page","type-page","status-publish","hentry"],"yoast_head":"<!-- This site is optimized with the Yoast SEO plugin v26.2 - https:\/\/yoast.com\/wordpress\/plugins\/seo\/ -->\n<title>Fonds d&#039;\u00e9pargne - Plastiques Puig<\/title>\n<meta name=\"robots\" content=\"index, follow, max-snippet:-1, max-image-preview:large, max-video-preview:-1\" \/>\n<link rel=\"canonical\" href=\"https:\/\/puig-packaging.com\/fr\/fonds-depargne\/\" \/>\n<meta property=\"og:locale\" content=\"fr_FR\" \/>\n<meta property=\"og:type\" content=\"article\" \/>\n<meta property=\"og:title\" content=\"Fonds d&#039;\u00e9pargne - Plastiques Puig\" \/>\n<meta property=\"og:url\" content=\"https:\/\/puig-packaging.com\/fr\/fonds-depargne\/\" \/>\n<meta property=\"og:site_name\" content=\"Plastiques Puig\" \/>\n<meta property=\"article:modified_time\" content=\"2021-07-07T10:19:41+00:00\" \/>\n<meta name=\"twitter:card\" content=\"summary_large_image\" \/>\n<meta name=\"twitter:label1\" content=\"Dur\u00e9e de lecture estim\u00e9e\" \/>\n\t<meta name=\"twitter:data1\" content=\"2 minutes\" \/>\n<script type=\"application\/ld+json\" class=\"yoast-schema-graph\">{\"@context\":\"https:\/\/schema.org\",\"@graph\":[{\"@type\":\"WebPage\",\"@id\":\"https:\/\/puig-packaging.com\/fr\/fonds-depargne\/\",\"url\":\"https:\/\/puig-packaging.com\/fr\/fonds-depargne\/\",\"name\":\"Fonds d'\u00e9pargne - Plastiques Puig\",\"isPartOf\":{\"@id\":\"https:\/\/puig-packaging.com\/fr\/#website\"},\"datePublished\":\"2021-07-07T09:35:38+00:00\",\"dateModified\":\"2021-07-07T10:19:41+00:00\",\"breadcrumb\":{\"@id\":\"https:\/\/puig-packaging.com\/fr\/fonds-depargne\/#breadcrumb\"},\"inLanguage\":\"fr-FR\",\"potentialAction\":[{\"@type\":\"ReadAction\",\"target\":[\"https:\/\/puig-packaging.com\/fr\/fonds-depargne\/\"]}]},{\"@type\":\"BreadcrumbList\",\"@id\":\"https:\/\/puig-packaging.com\/fr\/fonds-depargne\/#breadcrumb\",\"itemListElement\":[{\"@type\":\"ListItem\",\"position\":1,\"name\":\"Portada\",\"item\":\"https:\/\/puig-packaging.com\/fr\/home\/\"},{\"@type\":\"ListItem\",\"position\":2,\"name\":\"Fonds d&#8217;\u00e9pargne\"}]},{\"@type\":\"WebSite\",\"@id\":\"https:\/\/puig-packaging.com\/fr\/#website\",\"url\":\"https:\/\/puig-packaging.com\/fr\/\",\"name\":\"Plastiques Puig\",\"description\":\"Just another WordPress site\",\"potentialAction\":[{\"@type\":\"SearchAction\",\"target\":{\"@type\":\"EntryPoint\",\"urlTemplate\":\"https:\/\/puig-packaging.com\/fr\/?s={search_term_string}\"},\"query-input\":{\"@type\":\"PropertyValueSpecification\",\"valueRequired\":true,\"valueName\":\"search_term_string\"}}],\"inLanguage\":\"fr-FR\"}]}<\/script>\n<!-- \/ Yoast SEO plugin. -->","yoast_head_json":{"title":"Fonds d'\u00e9pargne - Plastiques Puig","robots":{"index":"index","follow":"follow","max-snippet":"max-snippet:-1","max-image-preview":"max-image-preview:large","max-video-preview":"max-video-preview:-1"},"canonical":"https:\/\/puig-packaging.com\/fr\/fonds-depargne\/","og_locale":"fr_FR","og_type":"article","og_title":"Fonds d'\u00e9pargne - Plastiques Puig","og_url":"https:\/\/puig-packaging.com\/fr\/fonds-depargne\/","og_site_name":"Plastiques Puig","article_modified_time":"2021-07-07T10:19:41+00:00","twitter_card":"summary_large_image","twitter_misc":{"Dur\u00e9e de lecture estim\u00e9e":"2 minutes"},"schema":{"@context":"https:\/\/schema.org","@graph":[{"@type":"WebPage","@id":"https:\/\/puig-packaging.com\/fr\/fonds-depargne\/","url":"https:\/\/puig-packaging.com\/fr\/fonds-depargne\/","name":"Fonds d'\u00e9pargne - Plastiques Puig","isPartOf":{"@id":"https:\/\/puig-packaging.com\/fr\/#website"},"datePublished":"2021-07-07T09:35:38+00:00","dateModified":"2021-07-07T10:19:41+00:00","breadcrumb":{"@id":"https:\/\/puig-packaging.com\/fr\/fonds-depargne\/#breadcrumb"},"inLanguage":"fr-FR","potentialAction":[{"@type":"ReadAction","target":["https:\/\/puig-packaging.com\/fr\/fonds-depargne\/"]}]},{"@type":"BreadcrumbList","@id":"https:\/\/puig-packaging.com\/fr\/fonds-depargne\/#breadcrumb","itemListElement":[{"@type":"ListItem","position":1,"name":"Portada","item":"https:\/\/puig-packaging.com\/fr\/home\/"},{"@type":"ListItem","position":2,"name":"Fonds d&#8217;\u00e9pargne"}]},{"@type":"WebSite","@id":"https:\/\/puig-packaging.com\/fr\/#website","url":"https:\/\/puig-packaging.com\/fr\/","name":"Plastiques Puig","description":"Just another WordPress site","potentialAction":[{"@type":"SearchAction","target":{"@type":"EntryPoint","urlTemplate":"https:\/\/puig-packaging.com\/fr\/?s={search_term_string}"},"query-input":{"@type":"PropertyValueSpecification","valueRequired":true,"valueName":"search_term_string"}}],"inLanguage":"fr-FR"}]}},"_links":{"self":[{"href":"https:\/\/puig-packaging.com\/fr\/wp-json\/wp\/v2\/pages\/3725","targetHints":{"allow":["GET"]}}],"collection":[{"href":"https:\/\/puig-packaging.com\/fr\/wp-json\/wp\/v2\/pages"}],"about":[{"href":"https:\/\/puig-packaging.com\/fr\/wp-json\/wp\/v2\/types\/page"}],"author":[{"embeddable":true,"href":"https:\/\/puig-packaging.com\/fr\/wp-json\/wp\/v2\/users\/1"}],"replies":[{"embeddable":true,"href":"https:\/\/puig-packaging.com\/fr\/wp-json\/wp\/v2\/comments?post=3725"}],"version-history":[{"count":4,"href":"https:\/\/puig-packaging.com\/fr\/wp-json\/wp\/v2\/pages\/3725\/revisions"}],"predecessor-version":[{"id":3734,"href":"https:\/\/puig-packaging.com\/fr\/wp-json\/wp\/v2\/pages\/3725\/revisions\/3734"}],"wp:attachment":[{"href":"https:\/\/puig-packaging.com\/fr\/wp-json\/wp\/v2\/media?parent=3725"}],"curies":[{"name":"wp","href":"https:\/\/api.w.org\/{rel}","templated":true}]}}

Fonds d&rsquo;épargne

<div id='av_section_1'  class='avia-section main_color avia-section-default avia-no-border-styling  avia-bg-style-scroll  avia-builder-el-0  el_before_av_one_half  avia-builder-el-first   container_wrap fullsize' style=' margin-top:0px; margin-bottom:-50px; '  ><div class='container' ><main  role="main" itemprop="mainContentOfPage"  class='template-page content  av-content-full alpha units'><div class='post-entry post-entry-type-page post-entry-3725'><div class='entry-content-wrapper clearfix'>
<div class="flex_column av_one_full  flex_column_div av-zero-column-padding first  avia-builder-el-1  avia-builder-el-no-sibling  " style='border-radius:0px; '><section class="av_textblock_section "  itemscope="itemscope" itemtype="https://schema.org/CreativeWork" ><div class='avia_textblock  av_inherit_color '  style='color:#828282; '  itemprop="text" ><h1 style="text-align: center; font-weight: 500;">FONDS D&rsquo;ÉPARGNE</h1>
</div></section></div></div></div></main><!-- close content main element --></div></div><div id='after_section_1'  class='main_color av_default_container_wrap container_wrap fullsize' style=' '  ><div class='container' ><div class='template-page content  av-content-full alpha units'><div class='post-entry post-entry-type-page post-entry-3725'><div class='entry-content-wrapper clearfix'><div class="flex_column av_one_half  flex_column_div av-zero-column-padding first  avia-builder-el-3  el_after_av_section  el_before_av_one_half  avia-builder-el-first  " style='border-radius:0px; '><div  class='avia-image-container  av-styling-    avia-builder-el-4  avia-builder-el-no-sibling  avia-align-center '  itemprop="image" itemscope="itemscope" itemtype="https://schema.org/ImageObject"  ><div class='avia-image-container-inner'><div class='avia-image-overlay-wrap'><img decoding="async" class='wp-image-3703 avia-img-lazy-loading-not-3703 avia_image' src="https://puig-packaging.com/wp-content/uploads/2021/07/Captura-de-pantalla-2021-07-07-a-les-11.29.17.png" alt='' title='Captura de pantalla 2021-07-07 a les 11.29.17' height="629" width="886"  itemprop="thumbnailUrl" srcset="https://puig-packaging.com/wp-content/uploads/2021/07/Captura-de-pantalla-2021-07-07-a-les-11.29.17.png 886w, https://puig-packaging.com/wp-content/uploads/2021/07/Captura-de-pantalla-2021-07-07-a-les-11.29.17-300x213.png 300w, https://puig-packaging.com/wp-content/uploads/2021/07/Captura-de-pantalla-2021-07-07-a-les-11.29.17-768x545.png 768w, https://puig-packaging.com/wp-content/uploads/2021/07/Captura-de-pantalla-2021-07-07-a-les-11.29.17-260x185.png 260w, https://puig-packaging.com/wp-content/uploads/2021/07/Captura-de-pantalla-2021-07-07-a-les-11.29.17-705x501.png 705w, https://puig-packaging.com/wp-content/uploads/2021/07/Captura-de-pantalla-2021-07-07-a-les-11.29.17-600x426.png 600w" sizes="(max-width: 886px) 100vw, 886px" /></div></div></div></div></p>
<div class="flex_column av_one_half  flex_column_div av-zero-column-padding   avia-builder-el-5  el_after_av_one_half  avia-builder-el-last  " style='border-radius:0px; '><section class="av_textblock_section "  itemscope="itemscope" itemtype="https://schema.org/CreativeWork" ><div class='avia_textblock  '   itemprop="text" ><p><strong>PLASTICAS PUIG PACKAGING, S.L.U.</strong> a réalisé un projet d&rsquo;économie et d&rsquo;efficacité énergétique consistant à optimiser la consommation d&rsquo;énergie du système de production en remplaçant les équipements d&rsquo;extrusion-soufflage à technologie hydraulique par des équipements entièrement électriques qui présentent une plus grande efficacité énergétique, avec des économies potentielles d&rsquo;énergie finale de 25 tep par an.</p>
<p>Ce projet a reçu une aide cofinancée par le Fonds européen de développement régional (FEDER), coordonné par l&rsquo;IDAE et géré par les Communautés autonomes, dans le cadre du Fonds national pour l&rsquo;efficacité énergétique, dans le but de parvenir à une économie plus propre et plus durable.</p>
</div></section></div>

<!-- This site is optimized with the Yoast SEO plugin v26.2 - https://yoast.com/wordpress/plugins/seo/ -->
<title>Fonds d&#039;épargne - Plastiques Puig</title>
<meta name="robots" content="index, follow, max-snippet:-1, max-image-preview:large, max-video-preview:-1" />
<link rel="canonical" href="https://puig-packaging.com/fr/fonds-depargne/" />
<meta property="og:locale" content="fr_FR" />
<meta property="og:type" content="article" />
<meta property="og:title" content="Fonds d&#039;épargne - Plastiques Puig" />
<meta property="og:url" content="https://puig-packaging.com/fr/fonds-depargne/" />
<meta property="og:site_name" content="Plastiques Puig" />
<meta property="article:modified_time" content="2021-07-07T10:19:41+00:00" />
<meta name="twitter:card" content="summary_large_image" />
<meta name="twitter:label1" content="Durée de lecture estimée" />
	<meta name="twitter:data1" content="2 minutes" />
<script type="application/ld+json" class="yoast-schema-graph">{"@context":"https://schema.org","@graph":[{"@type":"WebPage","@id":"https://puig-packaging.com/fr/fonds-depargne/","url":"https://puig-packaging.com/fr/fonds-depargne/","name":"Fonds d'épargne - Plastiques Puig","isPartOf":{"@id":"https://puig-packaging.com/fr/#website"},"datePublished":"2021-07-07T09:35:38+00:00","dateModified":"2021-07-07T10:19:41+00:00","breadcrumb":{"@id":"https://puig-packaging.com/fr/fonds-depargne/#breadcrumb"},"inLanguage":"fr-FR","potentialAction":[{"@type":"ReadAction","target":["https://puig-packaging.com/fr/fonds-depargne/"]}]},{"@type":"BreadcrumbList","@id":"https://puig-packaging.com/fr/fonds-depargne/#breadcrumb","itemListElement":[{"@type":"ListItem","position":1,"name":"Portada","item":"https://puig-packaging.com/fr/home/"},{"@type":"ListItem","position":2,"name":"Fonds d&#8217;épargne"}]},{"@type":"WebSite","@id":"https://puig-packaging.com/fr/#website","url":"https://puig-packaging.com/fr/","name":"Plastiques Puig","description":"Just another WordPress site","potentialAction":[{"@type":"SearchAction","target":{"@type":"EntryPoint","urlTemplate":"https://puig-packaging.com/fr/?s={search_term_string}"},"query-input":{"@type":"PropertyValueSpecification","valueRequired":true,"valueName":"search_term_string"}}],"inLanguage":"fr-FR"}]}</script>
<!-- / Yoast SEO plugin. -->

Fonds d'épargne - Plastiques Puig

Fonds d&#8217;épargne
