{"id":1874,"date":"2020-12-07T09:25:22","date_gmt":"2020-12-07T09:25:22","guid":{"rendered":"https:\/\/puig.clonica.net\/contacto\/"},"modified":"2021-02-18T12:35:04","modified_gmt":"2021-02-18T12:35:04","slug":"contacto","status":"publish","type":"page","link":"https:\/\/puig-packaging.com\/fr\/contacto\/","title":{"rendered":"Contacto"},"content":{"rendered":"<div  class='av_gmaps_sc_main_wrap av_gmaps_main_wrap '><div id='av_gmap_0' class='avia-google-map-container avia-google-map-sc av_gmaps_show_unconditionally av-no-fallback-img ' data-mapid='av_gmap_0'  style='height: 400px;'><a class=\"av_gmaps_browser_disabled av_text_confirm_link av_text_confirm_link_visible\" href=\"https:\/\/www.google.com\/maps\/search\/?api=1&#038;query=Cal%20Ros%20dels%20Ocells,%2037%2008403%20Granollers%20Barcelona%20Espa\u00f1a\" target=\"_blank\" rel=\"noopener\">Maps were disabled by the visitor on this site. Click to open the map in a new window.<\/a><\/div><\/div>\n<div id='av_section_1'  class='avia-section main_color avia-section-default avia-no-border-styling  avia-bg-style-scroll  avia-builder-el-1  el_after_av_google_map  el_before_av_section   container_wrap fullsize' style='background-color: #828282;  '  ><div class='container' ><div class='template-page content  av-content-full alpha units'><div class='post-entry post-entry-type-page post-entry-1874'><div class='entry-content-wrapper clearfix'>\n<div class=\"flex_column av_one_full  flex_column_div av-zero-column-padding first  avia-builder-el-2  avia-builder-el-no-sibling  \" style='border-radius:0px; '><section class=\"av_textblock_section \"  itemscope=\"itemscope\" itemtype=\"https:\/\/schema.org\/CreativeWork\" ><div class='avia_textblock  av_inherit_color '  style='color:#ffffff; '  itemprop=\"text\" ><h1 style=\"text-align: center; font-weight: 500;\">CONTACTO<\/h1>\n<\/div><\/section><br \/>\n<div  style=' margin-top:0px; margin-bottom:0px;'  class='hr hr-custom hr-center hr-icon-no   avia-builder-el-4  el_after_av_textblock  avia-builder-el-last '><span class='hr-inner  inner-border-av-border-fat' style=' width:50px; border-color:#ffffff;' ><span class='hr-inner-style'><\/span><\/span><\/div><\/p><\/div>\n\n<\/div><\/div><\/div><!-- close content main div --><\/div><\/div><div id='av_section_2'  class='avia-section main_color avia-section-default avia-no-border-styling  avia-bg-style-scroll  avia-builder-el-5  el_after_av_section  avia-builder-el-last   container_wrap fullsize' style=' '  ><div class='container' ><div class='template-page content  av-content-full alpha units'><div class='post-entry post-entry-type-page post-entry-1874'><div class='entry-content-wrapper clearfix'>\n<div class=\"flex_column av_two_fifth  flex_column_div av-zero-column-padding first  avia-builder-el-6  el_before_av_three_fifth  avia-builder-el-first  \" style='border-radius:0px; '><section class=\"av_textblock_section \"  itemscope=\"itemscope\" itemtype=\"https:\/\/schema.org\/CreativeWork\" ><div class='avia_textblock  '  style='font-size:15px; '  itemprop=\"text\" ><h3 style=\"text-align: center;\">Contact<\/h3>\n<p class=\"p1\" style=\"text-align: center;\">Cal Ros dels Ocells, 37 \u00b7 (\u00c0 l\u2019angle de la rue Torres Quevedo)<\/p>\n<p class=\"p1\" style=\"text-align: center;\">Pol\u00edgono Industrial Coll de la Manya<\/p>\n<p class=\"p1\" style=\"text-align: center;\">E-08403 Granollers (Barcelone, Espagne)<\/p>\n<p class=\"p1\" style=\"text-align: center;\">T\u00e9l\u00e9phone\u00a0: +34 93 849 02 19<\/p>\n<p class=\"p1\" style=\"text-align: center;\">Fax\u00a0: +34 973 861 86 86<\/p>\n<p class=\"p1\" style=\"text-align: center;\">Adresse \u00e9lectronique nationale : <a href=\"mailto:comercial@puig-packaging.com\">comercial@puig-packaging.com<\/a><\/p>\n<p class=\"p1\" style=\"text-align: center;\">Adresse \u00e9lectronique internationale : <a href=\"mailto:Export@puig-packaging.com\">export@puig-packaging.com<\/a><\/p>\n<\/div><\/section><\/div><div class=\"flex_column av_three_fifth  flex_column_div av-zero-column-padding   avia-builder-el-8  el_after_av_two_fifth  avia-builder-el-last  \" style='border-radius:0px; '><form action=\"https:\/\/puig-packaging.com\/fr\/contacto\/\" method=\"post\"  class=\"avia_ajax_form av-form-labels-visible   avia-builder-el-9  avia-builder-el-no-sibling  av-centered-form  av-custom-form-color av-dark-form \" data-avia-form-id=\"1\" data-avia-redirect='' ><h3 class=''>Formulaire de consultation<\/h3><fieldset><p class='  first_form  form_element form_fullwidth' id='element_avia_1_1'><label for=\"avia_1_1\">Pronom et noms <abbr class=\"required\" title=\"requis\">*<\/abbr><\/label> <input name=\"avia_1_1\" class=\"text_input is_empty\" type=\"text\" id=\"avia_1_1\" value=\"\" \/><\/p><p class='  first_form  form_element form_fullwidth' id='element_avia_2_1'><label for=\"avia_2_1\">Adresse \u00e9lectronique <abbr class=\"required\" title=\"requis\">*<\/abbr><\/label> <input name=\"avia_2_1\" class=\"text_input is_email\" type=\"text\" id=\"avia_2_1\" value=\"\" \/><\/p><p class='  first_form  form_element form_fullwidth' id='element_avia_3_1'><label for=\"avia_3_1\">Sujet du message <abbr class=\"required\" title=\"requis\">*<\/abbr><\/label> <input name=\"avia_3_1\" class=\"text_input is_empty\" type=\"text\" id=\"avia_3_1\" value=\"\" \/><\/p><p class='  first_form  form_element form_fullwidth' id='element_avia_4_1'><label for=\"avia_4_1\" class=\"textare_label hidden textare_label_avia_4_1\">Consultation <abbr class=\"required\" title=\"requis\">*<\/abbr><\/label><textarea  name=\"avia_4_1\" class=\"text_area is_empty\" cols=\"40\" rows=\"7\" id=\"avia_4_1\" ><\/textarea><\/p><div id='avia_5_1' class='av-form-text'><p>\n<em>La personne responsable du traitement est PUIG PACKAGING S.L. Le but de la collecte de donn\u00e9es est de pouvoir r\u00e9pondre \u00e0 vos questions, sans transf\u00e9rer vos donn\u00e9es \u00e0 des tiers. Vous avez le droit de savoir quelles informations nous avons sur vous, de les corriger ou de les supprimer comme expliqu\u00e9 dans notre politique de confidentialit\u00e9.<\/em><\/p>\n<\/div><p class=\"hidden\"><input type=\"text\" name=\"avia_6_1\" class=\"hidden \" id=\"avia_6_1\" value=\"\" \/><\/p><p class='   form_element form_fullwidth av-last-visible-form-element' id='element_avia_7_1'><span class='value_verifier_label'>2 + 4 = ?<\/span><input name=\"avia_7_1_verifier\" type=\"hidden\" id=\"avia_7_1_verifier\" value=\"347816367\"\/><label for=\"avia_7_1\">Pour prouver que vous \u00eates un humain, donnez le r\u00e9sultat de cette simple op\u00e9ration <abbr class=\"required\" title=\"requis\">*<\/abbr><\/label><input name=\"avia_7_1\" class=\"text_input captcha\" type=\"text\" id=\"avia_7_1\" value=\"\"\/><\/p><p class='av_form_privacy_check av_contact_privacy_check first_form  form_element form_fullwidth' id='element_avia_8_1'>    <input  name=\"avia_8_1\" class=\"input_checkbox is_empty\" type=\"checkbox\" id=\"avia_8_1\" value=\"true\"\/><label class=\"input_checkbox_label\" for=\"avia_8_1\">J'accepte les conditions g\u00e9n\u00e9rales \u00e9tablies dans la  Politique de confidentialit\u00e9 [\/ av_privacy_link] <abbr class=\"required\" title=\"requis\">*<\/abbr><\/label><\/p><p class=\"form_element \"><input type=\"hidden\" value=\"1\" name=\"avia_generated_form1\" \/><input type=\"submit\" value=\"Envoyer\" class=\"button\"  data-sending-label=\"Envoi\"\/><\/p><\/fieldset><\/form><div id=\"ajaxresponse_1\" class=\"ajaxresponse ajaxresponse_1 hidden\"><\/div><\/div>\n","protected":false},"excerpt":{"rendered":"","protected":false},"author":1,"featured_media":0,"parent":0,"menu_order":0,"comment_status":"closed","ping_status":"closed","template":"","meta":{"footnotes":""},"class_list":["post-1874","page","type-page","status-publish","hentry"],"yoast_head":"<!-- This site is optimized with the Yoast SEO plugin v26.2 - https:\/\/yoast.com\/wordpress\/plugins\/seo\/ -->\n<title>Contacto - Plastiques Puig<\/title>\n<meta name=\"robots\" content=\"index, follow, max-snippet:-1, max-image-preview:large, max-video-preview:-1\" \/>\n<link rel=\"canonical\" href=\"https:\/\/puig-packaging.com\/fr\/contacto\/\" \/>\n<meta property=\"og:locale\" content=\"fr_FR\" \/>\n<meta property=\"og:type\" content=\"article\" \/>\n<meta property=\"og:title\" content=\"Contacto - Plastiques Puig\" \/>\n<meta property=\"og:url\" content=\"https:\/\/puig-packaging.com\/fr\/contacto\/\" \/>\n<meta property=\"og:site_name\" content=\"Plastiques Puig\" \/>\n<meta property=\"article:modified_time\" content=\"2021-02-18T12:35:04+00:00\" \/>\n<meta name=\"twitter:card\" content=\"summary_large_image\" \/>\n<meta name=\"twitter:label1\" content=\"Dur\u00e9e de lecture estim\u00e9e\" \/>\n\t<meta name=\"twitter:data1\" content=\"2 minutes\" \/>\n<script type=\"application\/ld+json\" class=\"yoast-schema-graph\">{\"@context\":\"https:\/\/schema.org\",\"@graph\":[{\"@type\":\"WebPage\",\"@id\":\"https:\/\/puig-packaging.com\/fr\/contacto\/\",\"url\":\"https:\/\/puig-packaging.com\/fr\/contacto\/\",\"name\":\"Contacto - Plastiques Puig\",\"isPartOf\":{\"@id\":\"https:\/\/puig-packaging.com\/fr\/#website\"},\"datePublished\":\"2020-12-07T09:25:22+00:00\",\"dateModified\":\"2021-02-18T12:35:04+00:00\",\"breadcrumb\":{\"@id\":\"https:\/\/puig-packaging.com\/fr\/contacto\/#breadcrumb\"},\"inLanguage\":\"fr-FR\",\"potentialAction\":[{\"@type\":\"ReadAction\",\"target\":[\"https:\/\/puig-packaging.com\/fr\/contacto\/\"]}]},{\"@type\":\"BreadcrumbList\",\"@id\":\"https:\/\/puig-packaging.com\/fr\/contacto\/#breadcrumb\",\"itemListElement\":[{\"@type\":\"ListItem\",\"position\":1,\"name\":\"Portada\",\"item\":\"https:\/\/puig-packaging.com\/fr\/home\/\"},{\"@type\":\"ListItem\",\"position\":2,\"name\":\"Contacto\"}]},{\"@type\":\"WebSite\",\"@id\":\"https:\/\/puig-packaging.com\/fr\/#website\",\"url\":\"https:\/\/puig-packaging.com\/fr\/\",\"name\":\"Plastiques Puig\",\"description\":\"Just another WordPress site\",\"potentialAction\":[{\"@type\":\"SearchAction\",\"target\":{\"@type\":\"EntryPoint\",\"urlTemplate\":\"https:\/\/puig-packaging.com\/fr\/?s={search_term_string}\"},\"query-input\":{\"@type\":\"PropertyValueSpecification\",\"valueRequired\":true,\"valueName\":\"search_term_string\"}}],\"inLanguage\":\"fr-FR\"}]}<\/script>\n<!-- \/ Yoast SEO plugin. -->","yoast_head_json":{"title":"Contacto - Plastiques Puig","robots":{"index":"index","follow":"follow","max-snippet":"max-snippet:-1","max-image-preview":"max-image-preview:large","max-video-preview":"max-video-preview:-1"},"canonical":"https:\/\/puig-packaging.com\/fr\/contacto\/","og_locale":"fr_FR","og_type":"article","og_title":"Contacto - Plastiques Puig","og_url":"https:\/\/puig-packaging.com\/fr\/contacto\/","og_site_name":"Plastiques Puig","article_modified_time":"2021-02-18T12:35:04+00:00","twitter_card":"summary_large_image","twitter_misc":{"Dur\u00e9e de lecture estim\u00e9e":"2 minutes"},"schema":{"@context":"https:\/\/schema.org","@graph":[{"@type":"WebPage","@id":"https:\/\/puig-packaging.com\/fr\/contacto\/","url":"https:\/\/puig-packaging.com\/fr\/contacto\/","name":"Contacto - Plastiques Puig","isPartOf":{"@id":"https:\/\/puig-packaging.com\/fr\/#website"},"datePublished":"2020-12-07T09:25:22+00:00","dateModified":"2021-02-18T12:35:04+00:00","breadcrumb":{"@id":"https:\/\/puig-packaging.com\/fr\/contacto\/#breadcrumb"},"inLanguage":"fr-FR","potentialAction":[{"@type":"ReadAction","target":["https:\/\/puig-packaging.com\/fr\/contacto\/"]}]},{"@type":"BreadcrumbList","@id":"https:\/\/puig-packaging.com\/fr\/contacto\/#breadcrumb","itemListElement":[{"@type":"ListItem","position":1,"name":"Portada","item":"https:\/\/puig-packaging.com\/fr\/home\/"},{"@type":"ListItem","position":2,"name":"Contacto"}]},{"@type":"WebSite","@id":"https:\/\/puig-packaging.com\/fr\/#website","url":"https:\/\/puig-packaging.com\/fr\/","name":"Plastiques Puig","description":"Just another WordPress site","potentialAction":[{"@type":"SearchAction","target":{"@type":"EntryPoint","urlTemplate":"https:\/\/puig-packaging.com\/fr\/?s={search_term_string}"},"query-input":{"@type":"PropertyValueSpecification","valueRequired":true,"valueName":"search_term_string"}}],"inLanguage":"fr-FR"}]}},"_links":{"self":[{"href":"https:\/\/puig-packaging.com\/fr\/wp-json\/wp\/v2\/pages\/1874","targetHints":{"allow":["GET"]}}],"collection":[{"href":"https:\/\/puig-packaging.com\/fr\/wp-json\/wp\/v2\/pages"}],"about":[{"href":"https:\/\/puig-packaging.com\/fr\/wp-json\/wp\/v2\/types\/page"}],"author":[{"embeddable":true,"href":"https:\/\/puig-packaging.com\/fr\/wp-json\/wp\/v2\/users\/1"}],"replies":[{"embeddable":true,"href":"https:\/\/puig-packaging.com\/fr\/wp-json\/wp\/v2\/comments?post=1874"}],"version-history":[{"count":3,"href":"https:\/\/puig-packaging.com\/fr\/wp-json\/wp\/v2\/pages\/1874\/revisions"}],"predecessor-version":[{"id":3656,"href":"https:\/\/puig-packaging.com\/fr\/wp-json\/wp\/v2\/pages\/1874\/revisions\/3656"}],"wp:attachment":[{"href":"https:\/\/puig-packaging.com\/fr\/wp-json\/wp\/v2\/media?parent=1874"}],"curies":[{"name":"wp","href":"https:\/\/api.w.org\/{rel}","templated":true}]}}

<div  class='av_gmaps_sc_main_wrap av_gmaps_main_wrap '><div id='av_gmap_0' class='avia-google-map-container avia-google-map-sc av_gmaps_show_unconditionally av-no-fallback-img ' data-mapid='av_gmap_0'  style='height: 400px;'><a class="av_gmaps_browser_disabled av_text_confirm_link av_text_confirm_link_visible" href="https://www.google.com/maps/search/?api=1&#038;query=Cal%20Ros%20dels%20Ocells,%2037%2008403%20Granollers%20Barcelona%20España" target="_blank" rel="noopener">Maps were disabled by the visitor on this site. Click to open the map in a new window.</a></div></div>
<div id='av_section_1'  class='avia-section main_color avia-section-default avia-no-border-styling  avia-bg-style-scroll  avia-builder-el-1  el_after_av_google_map  el_before_av_section   container_wrap fullsize' style='background-color: #828282;  '  ><div class='container' ><div class='template-page content  av-content-full alpha units'><div class='post-entry post-entry-type-page post-entry-1874'><div class='entry-content-wrapper clearfix'>
<div class="flex_column av_one_full  flex_column_div av-zero-column-padding first  avia-builder-el-2  avia-builder-el-no-sibling  " style='border-radius:0px; '><section class="av_textblock_section "  itemscope="itemscope" itemtype="https://schema.org/CreativeWork" ><div class='avia_textblock  av_inherit_color '  style='color:#ffffff; '  itemprop="text" ><h1 style="text-align: center; font-weight: 500;">CONTACTO</h1>
</div></section><br />
<div  style=' margin-top:0px; margin-bottom:0px;'  class='hr hr-custom hr-center hr-icon-no   avia-builder-el-4  el_after_av_textblock  avia-builder-el-last '><span class='hr-inner  inner-border-av-border-fat' style=' width:50px; border-color:#ffffff;' ><span class='hr-inner-style'></span></span></div></p></div>

</div></div></div><!-- close content main div --></div></div><div id='av_section_2'  class='avia-section main_color avia-section-default avia-no-border-styling  avia-bg-style-scroll  avia-builder-el-5  el_after_av_section  avia-builder-el-last   container_wrap fullsize' style=' '  ><div class='container' ><div class='template-page content  av-content-full alpha units'><div class='post-entry post-entry-type-page post-entry-1874'><div class='entry-content-wrapper clearfix'>
<div class="flex_column av_two_fifth  flex_column_div av-zero-column-padding first  avia-builder-el-6  el_before_av_three_fifth  avia-builder-el-first  " style='border-radius:0px; '><section class="av_textblock_section "  itemscope="itemscope" itemtype="https://schema.org/CreativeWork" ><div class='avia_textblock  '  style='font-size:15px; '  itemprop="text" ><h3 style="text-align: center;">Contact</h3>
<p class="p1" style="text-align: center;">Cal Ros dels Ocells, 37 · (À l’angle de la rue Torres Quevedo)</p>
<p class="p1" style="text-align: center;">Polígono Industrial Coll de la Manya</p>
<p class="p1" style="text-align: center;">E-08403 Granollers (Barcelone, Espagne)</p>
<p class="p1" style="text-align: center;">Téléphone : +34 93 849 02 19</p>
<p class="p1" style="text-align: center;">Fax : +34 973 861 86 86</p>
<p class="p1" style="text-align: center;">Adresse électronique nationale : <a href="mailto:comercial@puig-packaging.com">comercial@puig-packaging.com</a></p>
<p class="p1" style="text-align: center;">Adresse électronique internationale : <a href="mailto:Export@puig-packaging.com">export@puig-packaging.com</a></p>
</div></section></div><div class="flex_column av_three_fifth  flex_column_div av-zero-column-padding   avia-builder-el-8  el_after_av_two_fifth  avia-builder-el-last  " style='border-radius:0px; '><form action="https://puig-packaging.com/fr/contacto/" method="post"  class="avia_ajax_form av-form-labels-visible   avia-builder-el-9  avia-builder-el-no-sibling  av-centered-form  av-custom-form-color av-dark-form " data-avia-form-id="1" data-avia-redirect='' ><h3 class=''>Formulaire de consultation</h3><fieldset><p class='  first_form  form_element form_fullwidth' id='element_avia_1_1'><label for="avia_1_1">Pronom et noms <abbr class="required" title="requis">*</abbr></label> <input name="avia_1_1" class="text_input is_empty" type="text" id="avia_1_1" value="" /></p><p class='  first_form  form_element form_fullwidth' id='element_avia_2_1'><label for="avia_2_1">Adresse électronique <abbr class="required" title="requis">*</abbr></label> <input name="avia_2_1" class="text_input is_email" type="text" id="avia_2_1" value="" /></p><p class='  first_form  form_element form_fullwidth' id='element_avia_3_1'><label for="avia_3_1">Sujet du message <abbr class="required" title="requis">*</abbr></label> <input name="avia_3_1" class="text_input is_empty" type="text" id="avia_3_1" value="" /></p><p class='  first_form  form_element form_fullwidth' id='element_avia_4_1'><label for="avia_4_1" class="textare_label hidden textare_label_avia_4_1">Consultation <abbr class="required" title="requis">*</abbr></label><textarea  name="avia_4_1" class="text_area is_empty" cols="40" rows="7" id="avia_4_1" ></textarea></p><div id='avia_5_1' class='av-form-text'><p>
<em>La personne responsable du traitement est PUIG PACKAGING S.L. Le but de la collecte de données est de pouvoir répondre à vos questions, sans transférer vos données à des tiers. Vous avez le droit de savoir quelles informations nous avons sur vous, de les corriger ou de les supprimer comme expliqué dans notre politique de confidentialité.</em></p>
</div><p class="hidden"><input type="text" name="avia_6_1" class="hidden " id="avia_6_1" value="" /></p><p class='   form_element form_fullwidth av-last-visible-form-element' id='element_avia_7_1'><span class='value_verifier_label'>2 + 4 = ?</span><input name="avia_7_1_verifier" type="hidden" id="avia_7_1_verifier" value="347816367"/><label for="avia_7_1">Pour prouver que vous êtes un humain, donnez le résultat de cette simple opération <abbr class="required" title="requis">*</abbr></label><input name="avia_7_1" class="text_input captcha" type="text" id="avia_7_1" value=""/></p><p class='av_form_privacy_check av_contact_privacy_check first_form  form_element form_fullwidth' id='element_avia_8_1'>    <input  name="avia_8_1" class="input_checkbox is_empty" type="checkbox" id="avia_8_1" value="true"/><label class="input_checkbox_label" for="avia_8_1">J'accepte les conditions générales établies dans la  Politique de confidentialité [/ av_privacy_link] <abbr class="required" title="requis">*</abbr></label></p><p class="form_element "><input type="hidden" value="1" name="avia_generated_form1" /><input type="submit" value="Envoyer" class="button"  data-sending-label="Envoi"/></p></fieldset></form><div id="ajaxresponse_1" class="ajaxresponse ajaxresponse_1 hidden"></div></div>

<!-- This site is optimized with the Yoast SEO plugin v26.2 - https://yoast.com/wordpress/plugins/seo/ -->
<title>Contacto - Plastiques Puig</title>
<meta name="robots" content="index, follow, max-snippet:-1, max-image-preview:large, max-video-preview:-1" />
<link rel="canonical" href="https://puig-packaging.com/fr/contacto/" />
<meta property="og:locale" content="fr_FR" />
<meta property="og:type" content="article" />
<meta property="og:title" content="Contacto - Plastiques Puig" />
<meta property="og:url" content="https://puig-packaging.com/fr/contacto/" />
<meta property="og:site_name" content="Plastiques Puig" />
<meta property="article:modified_time" content="2021-02-18T12:35:04+00:00" />
<meta name="twitter:card" content="summary_large_image" />
<meta name="twitter:label1" content="Durée de lecture estimée" />
	<meta name="twitter:data1" content="2 minutes" />
<script type="application/ld+json" class="yoast-schema-graph">{"@context":"https://schema.org","@graph":[{"@type":"WebPage","@id":"https://puig-packaging.com/fr/contacto/","url":"https://puig-packaging.com/fr/contacto/","name":"Contacto - Plastiques Puig","isPartOf":{"@id":"https://puig-packaging.com/fr/#website"},"datePublished":"2020-12-07T09:25:22+00:00","dateModified":"2021-02-18T12:35:04+00:00","breadcrumb":{"@id":"https://puig-packaging.com/fr/contacto/#breadcrumb"},"inLanguage":"fr-FR","potentialAction":[{"@type":"ReadAction","target":["https://puig-packaging.com/fr/contacto/"]}]},{"@type":"BreadcrumbList","@id":"https://puig-packaging.com/fr/contacto/#breadcrumb","itemListElement":[{"@type":"ListItem","position":1,"name":"Portada","item":"https://puig-packaging.com/fr/home/"},{"@type":"ListItem","position":2,"name":"Contacto"}]},{"@type":"WebSite","@id":"https://puig-packaging.com/fr/#website","url":"https://puig-packaging.com/fr/","name":"Plastiques Puig","description":"Just another WordPress site","potentialAction":[{"@type":"SearchAction","target":{"@type":"EntryPoint","urlTemplate":"https://puig-packaging.com/fr/?s={search_term_string}"},"query-input":{"@type":"PropertyValueSpecification","valueRequired":true,"valueName":"search_term_string"}}],"inLanguage":"fr-FR"}]}</script>
<!-- / Yoast SEO plugin. -->
